 3*m + 20*m. What is the hundreds digit of m?
6
Let c(y) = 3*y**2 - 19*y - 8. Let i = -2 + 17. Let a = i + -7. What is the units digit of c(a)?
2
Suppose 399*t - 248*t - 1560132 = 0. What is the hundreds digit of t?
3
Suppose 0 = -j + 2*x + 24, -3*x - 99 = -4*j - j. Suppose 1598 = j*n - 1606. What is the units digit of n?
8
Let h(n) = 7218*n + 664. What is the units digit of h(4)?
6
Let x = -428 - -423. What is the tens digit of (1362/x)/(-2)*5?
8
Let l(a) = -a - 8. Let d be l(-4). Let t(j) = -j**3 - j**2 + 4*j - 6. What is the tens digit of t(d)?
2
Let n = 15173 - 8822. What is the hundreds digit of n?
3
What is the tens digit of ((-578)/(-6) + 11)*186?
6
Suppose 3*k - 3350 = -2*p, 13 - 15 = k. What is the hundreds digit of p?
6
Let a(h) = -311*h + 4. Let r be a(-3). What is the units digit of r/3 - (-3)/(27/6)?
3
Let y(z) = 8*z**2 + 19*z - 120. Let u(p) = -p**3 - 34*p**2 - 33*p + 9. Let r be u(-33). What is the tens digit of y(r)?
9
Suppose 138*l - 160*l + 66 = 0. Suppose -l*a + 8610 = 39*a. What is the units digit of a?
5
Let n = -146 - -262. Suppose n*k = 117*k - 286. What is the tens digit of k?
8
Let a be -1 + 262 + 6 + -5. Let y = a - -395. What is the tens digit of y?
5
Let q be (-1 - 0) + 1 + 93/3. Suppose 0 = 2*r + 4*d - 24, 3*r + d + 4*d = q. Suppose k + m - 82 = 0, -r*k - m + 214 = 48. What is the tens digit of k?
8
Let v(x) = 1294*x**3 + 13*x**2 - 3*x - 2. What is the thousands digit of v(2)?
0
Let z = 11 + -9. Let y(d) = 2*d**z + 2*d**2 - 5*d - 1 + 9*d**2 - 2*d**2. What is the tens digit of y(3)?
8
Let q be (2 + 3/(-6))*(-2)/1. What is the hundreds digit of (-1 + q)/((-3)/504*3)?
2
Let s(g) = -g**3 - 25*g**2 + 58*g - 56. Let h be s(-29). Let t = -682 + h. What is the units digit of t?
4
Let s(j) = 19*j**2 - 4*j + 2. Let d be -20*((-56)/32)/(-7). What is the hundreds digit of s(d)?
4
Let u(p) = -3*p**3 + 6. Suppose 11*a + 8*a + 38 = 0. What is the tens digit of u(a)?
3
Let i = 87 - 99. What is the hundreds digit of (1804/i - 1)*1*-3?
4
Let s(z) = -2*z**2 + 65*z + 105. Let w be s(34). Suppose 8*c + 1170 = 9*c + w*t, -1162 = -c - t. What is the hundreds digit of c?
1
Let h = 37681 + -21159. What is the hundreds digit of h?
5
Suppose -y - 69 = 7*w - 2*w, -w = 2*y + 21. Let c be (-6)/39 - 119/w. What is the tens digit of (-9)/(c/46)*-1?
4
Let x be (3/(-7))/(1/(-7)). Suppose -v - x*p = -6*p - 854, -2530 = -3*v + p. What is the tens digit of v?
4
Let b = 20476 + 1336. What is the tens digit of b?
1
Let y be 10493*(36/28 - (-8)/(-28)). Suppose 0 = -0*d - 7*d + y. What is the tens digit of d?
9
Suppose -3*v - 27*w + 26*w + 4535 = 0, 5*w = -4*v + 6065. What is the hundreds digit of v?
5
Suppose -2*v + 0*a = -a + 38, 0 = 4*a - 16. Let h = 4 - v. What is the tens digit of 366/4*((-133)/h - -7)?
6
What is the tens digit of 34154/14 - (-25 - 1892/(-77))?
4
Let k(n) = -4*n**3 + 19*n**2 - 6*n - 5. What is the ten thousands digit of k(-13)?
1
What is the hundreds digit of ((-34617)/99)/(0 - (-3)/(-27))?
1
Let z = 1606 + -832. Suppose 50*b = 53*b - z. What is the tens digit of b?
5
Let b(o) = o**3 - 40*o**2 - 1800*o - 59. What is the hundreds digit of b(68)?
0
Let a be 3/(-9)*3 - 5. Let o(n) = -401*n - 37. Let t be o(a). Suppose -10*x + 31 = -t. What is the tens digit of x?
4
Suppose 5*c + 3*q + 23 = -q, 3*c - 5*q = -36. What is the units digit of 9753/21 + -10 + (-4)/c?
5
Let j(u) = u**3 - 18*u**2 - 12*u - 7. Suppose 8*q - 4*q - 106 = -2*f, 4*q = 5*f - 293. Let p be f/(6 + -3) - 0. What is the units digit of j(p)?
6
What is the tens digit of (-4 + 6)*(-102)/(-4) + 6?
5
Let d = 180 - 111. Let k = d + -63. Suppose -k*t - 264 = -8*t. What is the tens digit of t?
3
Let w be 0/(3 - 0 - 1). Suppose 5*z + 0*z - 20 = w. Let p(r) = -r**3 + 6*r**2 + 7*r - 3. What is the tens digit of p(z)?
5
Let y(x) = 16*x**2 + 6*x + 7. Suppose 4*g - 13 + 11 = 3*i, -3*i - g - 7 = 0. What is the units digit of y(i)?
9
Let z(u) be the first derivative of -9*u**2/2 + 48*u - 42. What is the tens digit of z(-18)?
1
Let s = -52 - -56. Suppose -5*k = -s*k + k. Suppose k = b - 3*b + 174. What is the units digit of b?
7
Let q = -31 - -32. What is the units digit of -2 + -1 + 1/q - -499?
7
Suppose 2683 + 3453 = -13*f. Let z = 694 + f. What is the units digit of z?
2
Let m(g) = 6*g**3 - 7*g**2 - 9*g - 30. What is the thousands digit of m(9)?
3
Suppose -9*o = 4*p - 11*o - 6, 6 = -4*p - 2*o. Suppose p = -5*f + 9*f - 1484. What is the units digit of f?
1
Let z(h) = h**2 - 11*h - 15. Let r be z(12). What is the hundreds digit of ((-197)/r)/((-4)/(-12))?
1
Let l(x) = 2*x**2 + 2*x - 1. Let d(p) = -p**2 - 2*p - 3. Let i be d(-1). Let q be l(i). What is the units digit of q + (-13 - 0)*-5?
8
What is the hundreds digit of (-11265)/(-45) - ((-4)/(-3) - 2)?
2
Let w be 1542/4*50/15. Suppose -4*z + w = -79. What is the tens digit of z?
4
Suppose 134027 + 633759 = 46*c. What is the tens digit of c?
9
Let r(w) = 0 + 15*w**2 + 13 - 9*w - w**3 + 18. What is the tens digit of r(8)?
0
Suppose -64*i + 2800465 = -1816431. What is the hundreds digit of i?
1
Suppose 7*y + 330 = 2*y. Let m be (-3 - y/(-6))*(-1)/2. Suppose -2*n = -m*n + 685. What is the hundreds digit of n?
1
Let f(d) = 757*d + 44. What is the ten thousands digit of f(48)?
3
Let g(w) be the first derivative of w**2 + 0*w - 10 + 7/3*w**3. What is the tens digit of g(-3)?
5
Let j(l) = l**2 + 20*l + 10. Let x be j(-20). Let z be -1 + 2 - 2*(-15)/x. Suppose o - 40 = -2*n + 16, -z*n + 106 = -o. What is the tens digit of n?
2
Suppose 58*c + 222*c + 37*c - 10409646 = 0. What is the tens digit of c?
3
What is the thousands digit of (6 - (-444)/(-84)) + (-182130)/(-14)?
3
Let c(y) = 122*y - 278. What is the hundreds digit of c(24)?
6
Let u = -16721 + 21056. What is the tens digit of u?
3
Suppose -26*n - 368 = -18*n. Suppose -z + 3*z = 0. What is the units digit of z + 0/2 + n/(-1)?
6
Suppose -3*g - z - 58779 = -4*g, 10*g + 2*z - 587886 = 0. What is the thousands digit of g?
8
Let v(h) = h**3 + h**2 - 2*h - 1. Let i be v(0). Let j be 24/(-12) + 7 + 1 + i. What is the units digit of (-2)/(-6)*(j - -112)?
9
Let s(x) = -21*x. Let h be s(20). Let o = h - -1115. What is the hundreds digit of o?
6
Let r(p) = 3*p**3 - p**2 - 52*p + 2492. What is the hundreds digit of r(28)?
1
Let i(j) = 2*j**3 - 45*j**2 - 34*j - 412. What is the tens digit of i(29)?
3
Let g = -487 - -783. Let h = g - 96. What is the hundreds digit of h?
2
Suppose 9*s = 40*s - 105400. What is the thousands digit of s?
3
Let c(l) = l**2 + 35. Let k = 23 - 23. Let v be c(k). Suppose -3*i + 31 = -v. What is the units digit of i?
2
Let d(b) = 2*b - 7*b + 26*b - 112 - 10 + 12*b. What is the units digit of d(14)?
0
What is the thousands digit of 8234 + (-1*(-5 + (4 - 0)))/1?
8
Let r(z) = 83*z + 75. Let h be r(-3). What is the tens digit of (h/12)/((-1)/28)?
0
Let n be (12 + -14)*((-6)/4 + -1). Suppose -3*k + 15 = -0*k, n*k = -p + 163. What is the tens digit of p?
3
Let q be (148/111)/(1/141). Let w = -35 + q. What is the units digit of w?
3
Let y be ((-16)/20)/2*-5. Suppose c = 5*f + 65, -y*f = -4*c + 2*f + 340. What is the units digit of c?
0
Suppose 66832 = -46*p + 331884. What is the hundreds digit of p?
7
Suppose 8*c - 600 = 16*c. Let w = 71 + c. Let a = 11 - w. What is the units digit of a?
5
Let a(w) = 35*w**3 + 12*w**2 + 2*w + 18. Let v be a(10). Suppose -v = -16*f + 962. What is the tens digit of 2/5*f/30?
3
Suppose -431656 = 85*u - 1329308 - 3207678. What is the tens digit of u?
9
Suppose -3*p = -6*p + 1143. Let h = p + -218. Let a = h - 30. What is the units digit of a?
3
Let i be (-12)/(2 - -4) + (2704 - 1). Suppose 10*t - i = -351. Let a = t - 80. What is the hundreds digit of a?
1
Let m be ((-3)/((-6)/4))/(12/5442). Suppose 0 = 3*f - m - 128. Suppose 60*l - 63*l = -f. What is the units digit of l?
5
Let b = -4 - 0. Suppose -45*q - 20370 = -15*q. What is the tens digit of (-3)/18 + b/24*q?
1
Suppose -486*b = -489*b. Suppose b = 53*i - 32479 - 61437. What is the hundreds digit of i?
7
Suppose 162*z = 127*z + 171570. What is the tens digit of z?
0
Suppose -4*o + 500 = 4*r, 2*o - 182 = 5*r + 61. Suppose -9*f + 10 = -4*f. Suppose -f*k + o = 36. What is the units digit of k?
4
Let f = -36 - -26. Let z(u) = -3*u - 23. Let r be z(f). Suppose -5*a = -r*a + 146. What is the tens digit of a